{"id":2296,"date":"2024-04-06T08:08:06","date_gmt":"2024-04-06T08:08:06","guid":{"rendered":"https:\/\/www.magyarkeresztur.hu\/?page_id=2296"},"modified":"2026-02-12T14:42:17","modified_gmt":"2026-02-12T14:42:17","slug":"korabbi-valasztasok","status":"publish","type":"page","link":"https:\/\/www.magyarkeresztur.hu\/?page_id=2296","title":{"rendered":"Kor\u00e1bbi v\u00e1laszt\u00e1sok"},"content":{"rendered":"\t\t<div data-elementor-type=\"wp-page\" data-elementor-id=\"2296\" class=\"elementor elementor-2296\" data-elementor-settings=\"{&quot;ha_cmc_init_switcher&quot;:&quot;no&quot;}\">\n\t\t\t\t<div class=\"elementor-element elementor-element-c2cc9fa e-flex e-con-boxed e-con e-parent\" data-id=\"c2cc9fa\" data-element_type=\"container\" data-settings=\"{&quot;_ha_eqh_enable&quot;:false}\">\n\t\t\t\t\t<div class=\"e-con-inner\">\n\t\t\t\t<div class=\"elementor-element elementor-element-a1e9df0 elementor-widget elementor-widget-heading\" data-id=\"a1e9df0\" data-element_type=\"widget\" data-widget_type=\"heading.default\">\n\t\t\t\t\t<h2 class=\"elementor-heading-title elementor-size-default\">Kor\u00e1bbi v\u00e1laszt\u00e1sok<\/h2>\t\t\t\t<\/div>\n\t\t\t\t\t<\/div>\n\t\t\t\t<\/div>\n\t\t<div class=\"elementor-element elementor-element-a9f78a0 e-flex e-con-boxed e-con e-parent\" data-id=\"a9f78a0\" data-element_type=\"container\" data-settings=\"{&quot;_ha_eqh_enable&quot;:false}\">\n\t\t\t\t\t<div class=\"e-con-inner\">\n\t\t\t\t<div class=\"elementor-element elementor-element-b220cf7 elementor-widget elementor-widget-heading\" data-id=\"b220cf7\" data-element_type=\"widget\" data-widget_type=\"heading.default\">\n\t\t\t\t\t<h2 class=\"elementor-heading-title elementor-size-default\">2024. \u00e9vi v\u00e1laszt\u00e1sok<\/h2>\t\t\t\t<\/div>\n\t\t\t\t\t<\/div>\n\t\t\t\t<\/div>\n\t\t<div class=\"elementor-element elementor-element-ca9448e e-flex e-con-boxed e-con e-parent\" data-id=\"ca9448e\" data-element_type=\"container\" data-settings=\"{&quot;_ha_eqh_enable&quot;:false}\">\n\t\t\t\t\t<div class=\"e-con-inner\">\n\t\t\t\t<div class=\"elementor-element elementor-element-d266661 elementor-widget elementor-widget-text-editor\" data-id=\"d266661\" data-element_type=\"widget\" data-widget_type=\"text-editor.default\">\n\t\t\t\t\t\t\t\t\t<p><strong>Helyi V\u00e1laszt\u00e1si Bizotts\u00e1g d\u00f6nt\u00e9sei:<\/strong><\/p><p><a href=\"https:\/\/www.magyarkeresztur.hu\/wp-content\/uploads\/2024\/04\/MK_HVB_1_2024_hat_hl.pdf\" target=\"_blank\" rel=\"noopener\">Magyarkereszt\u00far K\u00f6zs\u00e9g Helyi V\u00e1laszt\u00e1si Bizotts\u00e1ga 1\/2024. (IV.24.) sz\u00e1m\u00fa hat\u00e1rozata<\/a><br \/><a href=\"https:\/\/www.magyarkeresztur.hu\/wp-content\/uploads\/2024\/04\/MK_HVB_2_2024_hat_hl.pdf\" target=\"_blank\" rel=\"noopener\">Magyarkereszt\u00far K\u00f6zs\u00e9g Helyi V\u00e1laszt\u00e1si Bizotts\u00e1ga 2\/2024. (IV.24.) sz\u00e1m\u00fa hat\u00e1rozata<\/a><br \/><a href=\"https:\/\/www.magyarkeresztur.hu\/wp-content\/uploads\/2024\/04\/MK_HVB_3_2024_hat_hl.pdf\" target=\"_blank\" rel=\"noopener\">Magyarkereszt\u00far K\u00f6zs\u00e9g Helyi V\u00e1laszt\u00e1si Bizotts\u00e1ga 3\/2024. (IV.24.) sz\u00e1m\u00fa hat\u00e1rozata<\/a><br \/><a href=\"https:\/\/www.magyarkeresztur.hu\/wp-content\/uploads\/2024\/05\/MK_4_2024_hat_hl.pdf\" target=\"_blank\" rel=\"noopener\">Magyarkereszt\u00far K\u00f6zs\u00e9g Helyi V\u00e1laszt\u00e1si Bizotts\u00e1ga 4\/2024. (V.3.) sz\u00e1m\u00fa hat\u00e1rozata<\/a><br \/><a href=\"https:\/\/www.magyarkeresztur.hu\/wp-content\/uploads\/2024\/05\/MK_5_2024_hat_hl.pdf\" target=\"_blank\" rel=\"noopener\">Magyarkereszt\u00far K\u00f6zs\u00e9g Helyi V\u00e1laszt\u00e1si Bizotts\u00e1ga 5\/2024. (V.3.) sz\u00e1m\u00fa hat\u00e1rozata<\/a><br \/><a href=\"https:\/\/www.magyarkeresztur.hu\/wp-content\/uploads\/2024\/05\/MK_6_2024_hat_hl.pdf\" target=\"_blank\" rel=\"noopener\">Magyarkereszt\u00far K\u00f6zs\u00e9g Helyi V\u00e1laszt\u00e1si Bizotts\u00e1ga 6\/2024. (V.3.) sz\u00e1m\u00fa hat\u00e1rozata<\/a><br \/><a href=\"https:\/\/www.magyarkeresztur.hu\/wp-content\/uploads\/2024\/05\/MK_7_2024_hat_hl.pdf\" target=\"_blank\" rel=\"noopener\">Magyarkereszt\u00far K\u00f6zs\u00e9g Helyi V\u00e1laszt\u00e1si Bizotts\u00e1ga 7\/2024. (V.3.) sz\u00e1m\u00fa hat\u00e1rozata<\/a><br \/><a href=\"https:\/\/www.magyarkeresztur.hu\/wp-content\/uploads\/2024\/05\/MK_8_2024_hat_hl.pdf\" target=\"_blank\" rel=\"noopener\">Magyarkereszt\u00far K\u00f6zs\u00e9g Helyi V\u00e1laszt\u00e1si Bizotts\u00e1ga 8\/2024. (V.3.) sz\u00e1m\u00fa hat\u00e1rozata<\/a><br \/><a href=\"https:\/\/www.magyarkeresztur.hu\/wp-content\/uploads\/2024\/05\/MK_9_2024_hat_hl.pdf\" target=\"_blank\" rel=\"noopener\">Magyarkereszt\u00far K\u00f6zs\u00e9g Helyi V\u00e1laszt\u00e1si Bizotts\u00e1ga 9\/2024. (V.3.) sz\u00e1m\u00fa hat\u00e1rozata<\/a><br \/><a href=\"https:\/\/www.magyarkeresztur.hu\/wp-content\/uploads\/2024\/05\/MK_10_2024_hat.pdf\" target=\"_blank\" rel=\"noopener\">Magyarkereszt\u00far K\u00f6zs\u00e9g Helyi V\u00e1laszt\u00e1si Bizotts\u00e1ga 10\/2024. (V.6.) sz\u00e1m\u00fa hat\u00e1rozata<\/a><br \/><a href=\"https:\/\/www.magyarkeresztur.hu\/wp-content\/uploads\/2024\/05\/MK_11_2024_hat.pdf\">Magyarkereszt\u00far K\u00f6zs\u00e9g Helyi V\u00e1laszt\u00e1si Bizotts\u00e1ga 11\/2024. (V.14.) sz\u00e1m\u00fa hat\u00e1rozata<\/a><br \/><a href=\"https:\/\/www.magyarkeresztur.hu\/wp-content\/uploads\/2024\/05\/MK_12_2024_hat.pdf\">Magyarkereszt\u00far K\u00f6zs\u00e9g Helyi V\u00e1laszt\u00e1si Bizotts\u00e1ga 12\/2024. (V.14.) sz\u00e1m\u00fa hat\u00e1rozata<\/a><\/p><p><a style=\"font-family: var( --e-global-typography-text-font-family ), Sans-serif; font-weight: var( --e-global-typography-text-font-weight ); text-align: var(--text-align); background-color: #ffffff; letter-spacing: 0.01em;\" href=\"https:\/\/www.magyarkeresztur.hu\/wp-content\/uploads\/2024\/06\/MK_PM_Eredmeny_hatarozat.pdf\" target=\"_blank\" rel=\"noopener\">Magyarkereszt\u00far Helyi V\u00e1laszt\u00e1si Bizotts\u00e1g 12\/2024. (VI.9) sz\u00e1m\u00fa hat\u00e1rozata a polg\u00e1rmester v\u00e1laszt\u00e1s eredm\u00e9ny\u00e9nek meg\u00e1llap\u00edt\u00e1s\u00e1r\u00f3l<\/a><br \/><a href=\"https:\/\/www.magyarkeresztur.hu\/wp-content\/uploads\/2024\/06\/MK_EL_Eredmeny_hatarozat.pdf\" target=\"_blank\" rel=\"noopener\">Magyarkereszt\u00far Helyi V\u00e1laszt\u00e1si Bizotts\u00e1g 14\/2024. (IV.9.) sz\u00e1m\u00fa hat\u00e1rozata a helyi \u00f6nkorm\u00e1nyzati k\u00e9pvisel\u0151k v\u00e1laszt\u00e1si eredm\u00e9ny\u00e9nek meg\u00e1llap\u00edt\u00e1s\u00e1r\u00f3l<\/a><\/p>\t\t\t\t\t\t\t\t<\/div>\n\t\t\t\t\t<\/div>\n\t\t\t\t<\/div>\n\t\t\t\t<\/div>\n\t\t","protected":false},"excerpt":{"rendered":"<p>Kor\u00e1bbi v\u00e1laszt\u00e1sok 2024. \u00e9vi v\u00e1laszt\u00e1sok Helyi V\u00e1laszt\u00e1si Bizotts\u00e1g d\u00f6nt\u00e9sei: Magyarkereszt\u00far K\u00f6zs\u00e9g Helyi V\u00e1laszt\u00e1si Bizotts\u00e1ga 1\/2024. (IV.24.) sz\u00e1m\u00fa hat\u00e1rozataMagyarkereszt\u00far K\u00f6zs\u00e9g Helyi V\u00e1laszt\u00e1si Bizotts\u00e1ga 2\/2024. (IV.24.) sz\u00e1m\u00fa hat\u00e1rozataMagyarkereszt\u00far K\u00f6zs\u00e9g Helyi V\u00e1laszt\u00e1si Bizotts\u00e1ga 3\/2024. (IV.24.) sz\u00e1m\u00fa hat\u00e1rozataMagyarkereszt\u00far K\u00f6zs\u00e9g Helyi V\u00e1laszt\u00e1si Bizotts\u00e1ga 4\/2024. (V.3.) sz\u00e1m\u00fa hat\u00e1rozataMagyarkereszt\u00far K\u00f6zs\u00e9g Helyi V\u00e1laszt\u00e1si Bizotts\u00e1ga 5\/2024. (V.3.) sz\u00e1m\u00fa hat\u00e1rozataMagyarkereszt\u00far K\u00f6zs\u00e9g Helyi V\u00e1laszt\u00e1si Bizotts\u00e1ga 6\/2024. [&hellip;]<\/p>\n","protected":false},"author":1,"featured_media":0,"parent":0,"menu_order":0,"comment_status":"closed","ping_status":"closed","template":"","meta":{"zakra_page_container_layout":"customizer","zakra_page_sidebar_layout":"customizer","zakra_remove_content_margin":false,"zakra_sidebar":"customizer","zakra_transparent_header":"customizer","zakra_logo":0,"zakra_main_header_style":"default","zakra_menu_item_color":"","zakra_menu_item_hover_color":"","zakra_menu_item_active_color":"","zakra_menu_active_style":"","zakra_page_header":true,"footnotes":""},"class_list":["post-2296","page","type-page","status-publish","hentry"],"rttpg_featured_image_url":null,"rttpg_author":{"display_name":"mkr_admin","author_link":"https:\/\/www.magyarkeresztur.hu\/?author=1"},"rttpg_comment":0,"rttpg_category":null,"rttpg_excerpt":"Kor\u00e1bbi v\u00e1laszt\u00e1sok 2024. \u00e9vi v\u00e1laszt\u00e1sok Helyi V\u00e1laszt\u00e1si Bizotts\u00e1g d\u00f6nt\u00e9sei: Magyarkereszt\u00far K\u00f6zs\u00e9g Helyi V\u00e1laszt\u00e1si Bizotts\u00e1ga 1\/2024. (IV.24.) sz\u00e1m\u00fa hat\u00e1rozataMagyarkereszt\u00far K\u00f6zs\u00e9g Helyi V\u00e1laszt\u00e1si Bizotts\u00e1ga 2\/2024. (IV.24.) sz\u00e1m\u00fa hat\u00e1rozataMagyarkereszt\u00far K\u00f6zs\u00e9g Helyi V\u00e1laszt\u00e1si Bizotts\u00e1ga 3\/2024. (IV.24.) sz\u00e1m\u00fa hat\u00e1rozataMagyarkereszt\u00far K\u00f6zs\u00e9g Helyi V\u00e1laszt\u00e1si Bizotts\u00e1ga 4\/2024. (V.3.) sz\u00e1m\u00fa hat\u00e1rozataMagyarkereszt\u00far K\u00f6zs\u00e9g Helyi V\u00e1laszt\u00e1si Bizotts\u00e1ga 5\/2024. (V.3.) sz\u00e1m\u00fa hat\u00e1rozataMagyarkereszt\u00far K\u00f6zs\u00e9g Helyi V\u00e1laszt\u00e1si Bizotts\u00e1ga 6\/2024.&hellip;","_links":{"self":[{"href":"https:\/\/www.magyarkeresztur.hu\/index.php?rest_route=\/wp\/v2\/pages\/2296","targetHints":{"allow":["GET"]}}],"collection":[{"href":"https:\/\/www.magyarkeresztur.hu\/index.php?rest_route=\/wp\/v2\/pages"}],"about":[{"href":"https:\/\/www.magyarkeresztur.hu\/index.php?rest_route=\/wp\/v2\/types\/page"}],"author":[{"embeddable":true,"href":"https:\/\/www.magyarkeresztur.hu\/index.php?rest_route=\/wp\/v2\/users\/1"}],"replies":[{"embeddable":true,"href":"https:\/\/www.magyarkeresztur.hu\/index.php?rest_route=%2Fwp%2Fv2%2Fcomments&post=2296"}],"version-history":[{"count":3,"href":"https:\/\/www.magyarkeresztur.hu\/index.php?rest_route=\/wp\/v2\/pages\/2296\/revisions"}],"predecessor-version":[{"id":3685,"href":"https:\/\/www.magyarkeresztur.hu\/index.php?rest_route=\/wp\/v2\/pages\/2296\/revisions\/3685"}],"wp:attachment":[{"href":"https:\/\/www.magyarkeresztur.hu\/index.php?rest_route=%2Fwp%2Fv2%2Fmedia&parent=2296"}],"curies":[{"name":"wp","href":"https:\/\/api.w.org\/{rel}","templated":true}]}}

Korábbi választások

<div data-elementor-type="wp-page" data-elementor-id="2296" class="elementor elementor-2296" data-elementor-settings="{&quot;ha_cmc_init_switcher&quot;:&quot;no&quot;}">
				<div class="elementor-element elementor-element-c2cc9fa e-flex e-con-boxed e-con e-parent" data-id="c2cc9fa" data-element_type="container" data-settings="{&quot;_ha_eqh_enable&quot;:false}">
					<div class="e-con-inner">
				<div class="elementor-element elementor-element-a1e9df0 elementor-widget elementor-widget-heading" data-id="a1e9df0" data-element_type="widget" data-widget_type="heading.default">
					<h2 class="elementor-heading-title elementor-size-default">Korábbi választások</h2>				</div>
					</div>
				</div>
		<div class="elementor-element elementor-element-a9f78a0 e-flex e-con-boxed e-con e-parent" data-id="a9f78a0" data-element_type="container" data-settings="{&quot;_ha_eqh_enable&quot;:false}">
					<div class="e-con-inner">
				<div class="elementor-element elementor-element-b220cf7 elementor-widget elementor-widget-heading" data-id="b220cf7" data-element_type="widget" data-widget_type="heading.default">
					<h2 class="elementor-heading-title elementor-size-default">2024. évi választások</h2>				</div>
					</div>
				</div>
		<div class="elementor-element elementor-element-ca9448e e-flex e-con-boxed e-con e-parent" data-id="ca9448e" data-element_type="container" data-settings="{&quot;_ha_eqh_enable&quot;:false}">
					<div class="e-con-inner">
				<div class="elementor-element elementor-element-d266661 elementor-widget elementor-widget-text-editor" data-id="d266661" data-element_type="widget" data-widget_type="text-editor.default">
									<p><strong>Helyi Választási Bizottság döntései:</strong></p><p><a href="https://www.magyarkeresztur.hu/wp-content/uploads/2024/04/MK_HVB_1_2024_hat_hl.pdf" target="_blank" rel="noopener">Magyarkeresztúr Község Helyi Választási Bizottsága 1/2024. (IV.24.) számú határozata</a><br /><a href="https://www.magyarkeresztur.hu/wp-content/uploads/2024/04/MK_HVB_2_2024_hat_hl.pdf" target="_blank" rel="noopener">Magyarkeresztúr Község Helyi Választási Bizottsága 2/2024. (IV.24.) számú határozata</a><br /><a href="https://www.magyarkeresztur.hu/wp-content/uploads/2024/04/MK_HVB_3_2024_hat_hl.pdf" target="_blank" rel="noopener">Magyarkeresztúr Község Helyi Választási Bizottsága 3/2024. (IV.24.) számú határozata</a><br /><a href="https://www.magyarkeresztur.hu/wp-content/uploads/2024/05/MK_4_2024_hat_hl.pdf" target="_blank" rel="noopener">Magyarkeresztúr Község Helyi Választási Bizottsága 4/2024. (V.3.) számú határozata</a><br /><a href="https://www.magyarkeresztur.hu/wp-content/uploads/2024/05/MK_5_2024_hat_hl.pdf" target="_blank" rel="noopener">Magyarkeresztúr Község Helyi Választási Bizottsága 5/2024. (V.3.) számú határozata</a><br /><a href="https://www.magyarkeresztur.hu/wp-content/uploads/2024/05/MK_6_2024_hat_hl.pdf" target="_blank" rel="noopener">Magyarkeresztúr Község Helyi Választási Bizottsága 6/2024. (V.3.) számú határozata</a><br /><a href="https://www.magyarkeresztur.hu/wp-content/uploads/2024/05/MK_7_2024_hat_hl.pdf" target="_blank" rel="noopener">Magyarkeresztúr Község Helyi Választási Bizottsága 7/2024. (V.3.) számú határozata</a><br /><a href="https://www.magyarkeresztur.hu/wp-content/uploads/2024/05/MK_8_2024_hat_hl.pdf" target="_blank" rel="noopener">Magyarkeresztúr Község Helyi Választási Bizottsága 8/2024. (V.3.) számú határozata</a><br /><a href="https://www.magyarkeresztur.hu/wp-content/uploads/2024/05/MK_9_2024_hat_hl.pdf" target="_blank" rel="noopener">Magyarkeresztúr Község Helyi Választási Bizottsága 9/2024. (V.3.) számú határozata</a><br /><a href="https://www.magyarkeresztur.hu/wp-content/uploads/2024/05/MK_10_2024_hat.pdf" target="_blank" rel="noopener">Magyarkeresztúr Község Helyi Választási Bizottsága 10/2024. (V.6.) számú határozata</a><br /><a href="https://www.magyarkeresztur.hu/wp-content/uploads/2024/05/MK_11_2024_hat.pdf">Magyarkeresztúr Község Helyi Választási Bizottsága 11/2024. (V.14.) számú határozata</a><br /><a href="https://www.magyarkeresztur.hu/wp-content/uploads/2024/05/MK_12_2024_hat.pdf">Magyarkeresztúr Község Helyi Választási Bizottsága 12/2024. (V.14.) számú határozata</a></p><p><a style="font-family: var( --e-global-typography-text-font-family ), Sans-serif; font-weight: var( --e-global-typography-text-font-weight ); text-align: var(--text-align); background-color: #ffffff; letter-spacing: 0.01em;" href="https://www.magyarkeresztur.hu/wp-content/uploads/2024/06/MK_PM_Eredmeny_hatarozat.pdf" target="_blank" rel="noopener">Magyarkeresztúr Helyi Választási Bizottság 12/2024. (VI.9) számú határozata a polgármester választás eredményének megállapításáról</a><br /><a href="https://www.magyarkeresztur.hu/wp-content/uploads/2024/06/MK_EL_Eredmeny_hatarozat.pdf" target="_blank" rel="noopener">Magyarkeresztúr Helyi Választási Bizottság 14/2024. (IV.9.) számú határozata a helyi önkormányzati képviselők választási eredményének megállapításáról</a></p>								</div>
					</div>
				</div>
				</div>

<p>Korábbi választások 2024. évi választások Helyi Választási Bizottság döntései: Magyarkeresztúr Község Helyi Választási Bizottsága 1/2024. (IV.24.) számú határozataMagyarkeresztúr Község Helyi Választási Bizottsága 2/2024. (IV.24.) számú határozataMagyarkeresztúr Község Helyi Választási Bizottsága 3/2024. (IV.24.) számú határozataMagyarkeresztúr Község Helyi Választási Bizottsága 4/2024. (V.3.) számú határozataMagyarkeresztúr Község Helyi Választási Bizottsága 5/2024. (V.3.) számú határozataMagyarkeresztúr Község Helyi Választási Bizottsága 6/2024. [&hellip;]</p>

Korábbi választások 2024. évi választások Helyi Választási Bizottság döntései: Magyarkeresztúr Község Helyi Választási Bizottsága 1/2024. (IV.24.) számú határozataMagyarkeresztúr Község Helyi Választási Bizottsága 2/2024. (IV.24.) számú határozataMagyarkeresztúr Község Helyi Választási Bizottsága 3/2024. (IV.24.) számú határozataMagyarkeresztúr Község Helyi Választási Bizottsága 4/2024. (V.3.) számú határozataMagyarkeresztúr Község Helyi Választási Bizottsága 5/2024. (V.3.) számú határozataMagyarkeresztúr Község Helyi Választási Bizottsága 6/2024.&hellip;
