{"id":2292,"date":"2024-04-06T08:07:24","date_gmt":"2024-04-06T08:07:24","guid":{"rendered":"https:\/\/www.magyarkeresztur.hu\/?page_id=2292"},"modified":"2026-02-12T15:06:36","modified_gmt":"2026-02-12T15:06:36","slug":"valasztasi-szervek","status":"publish","type":"page","link":"https:\/\/www.magyarkeresztur.hu\/?page_id=2292","title":{"rendered":"V\u00e1laszt\u00e1si szervek"},"content":{"rendered":"\t\t<div data-elementor-type=\"wp-page\" data-elementor-id=\"2292\" class=\"elementor elementor-2292\" data-elementor-settings=\"{&quot;ha_cmc_init_switcher&quot;:&quot;no&quot;}\">\n\t\t\t\t<div class=\"elementor-element elementor-element-2d72347 e-flex e-con-boxed e-con e-parent\" data-id=\"2d72347\" data-element_type=\"container\" data-settings=\"{&quot;_ha_eqh_enable&quot;:false}\">\n\t\t\t\t\t<div class=\"e-con-inner\">\n\t\t\t\t<div class=\"elementor-element elementor-element-6dfcf0f elementor-widget elementor-widget-heading\" data-id=\"6dfcf0f\" data-element_type=\"widget\" data-widget_type=\"heading.default\">\n\t\t\t\t\t<h2 class=\"elementor-heading-title elementor-size-default\">V\u00e1laszt\u00e1si szervek<\/h2>\t\t\t\t<\/div>\n\t\t\t\t\t<\/div>\n\t\t\t\t<\/div>\n\t\t<div class=\"elementor-element elementor-element-19ba88d e-flex e-con-boxed e-con e-parent\" data-id=\"19ba88d\" data-element_type=\"container\" data-settings=\"{&quot;_ha_eqh_enable&quot;:false}\">\n\t\t\t\t\t<div class=\"e-con-inner\">\n\t\t\t\t<div class=\"elementor-element elementor-element-398a3c8 elementor-widget elementor-widget-heading\" data-id=\"398a3c8\" data-element_type=\"widget\" data-widget_type=\"heading.default\">\n\t\t\t\t\t<h2 class=\"elementor-heading-title elementor-size-default\">Helyi V\u00e1laszt\u00e1si Iroda<\/h2>\t\t\t\t<\/div>\n\t\t\t\t\t<\/div>\n\t\t\t\t<\/div>\n\t\t<div class=\"elementor-element elementor-element-6d10428 e-flex e-con-boxed e-con e-parent\" data-id=\"6d10428\" data-element_type=\"container\" data-settings=\"{&quot;_ha_eqh_enable&quot;:false}\">\n\t\t\t\t\t<div class=\"e-con-inner\">\n\t\t\t\t<div class=\"elementor-element elementor-element-1fa7473 elementor-widget elementor-widget-text-editor\" data-id=\"1fa7473\" data-element_type=\"widget\" data-widget_type=\"text-editor.default\">\n\t\t\t\t\t\t\t\t\t<p><strong>Vezet\u0151j\u00e9nek neve:\u00a0 \u00a0 \u00a0 \u00a0 \u00a0 \u00a0 \u00a0 \u00a0 \u00a0 \u00a0dr. Szele Bal\u00e1zs jegyz\u0151<\/strong><br \/><strong>C\u00edme:\u00a0 \u00a0 \u00a0 \u00a0 \u00a0 \u00a0 \u00a0 \u00a0 \u00a0 \u00a0 \u00a0 \u00a0 \u00a0 \u00a0 \u00a0 \u00a0 \u00a0 \u00a0 \u00a0 \u00a0 \u00a0 9322 R\u00e1batam\u00e1si, Szent Istv\u00e1n utca 42.<\/strong><br \/><strong>E-mail:\u00a0 \u00a0 \u00a0 \u00a0 \u00a0 \u00a0 \u00a0 \u00a0 \u00a0 \u00a0 \u00a0 \u00a0 \u00a0 \u00a0 \u00a0 \u00a0 \u00a0 \u00a0 \u00a0 \u00a0 <a href=\"mailto:jegyzo@rabatamasi.hu\">jegyzo@rabatamasi.hu<\/a><\/strong><br \/><strong>Telefon:\u00a0 \u00a0 \u00a0 \u00a0 \u00a0 \u00a0 \u00a0 \u00a0 \u00a0 \u00a0 \u00a0 \u00a0 \u00a0 \u00a0 \u00a0 \u00a0 \u00a0 \u00a0 \u00a0+36 96 282 335; +3630 658 1443<\/strong><\/p><p><strong>V\u00e1laszt\u00e1si Inform\u00e1ci\u00f3s Szolg\u00e1lat:<br \/><br \/><\/strong><strong>dr. Szele Bal\u00e1zs HVI vezet\u0151\u00a0 \u00a0 \u00a0 \u00a0 \u00a0 \u00a0 \u00a0 \u00a0 \u00a0 \u00a0 \u00a0 \u00a0 \u00a0 \u00a0 \u00a0 \u00a0 \u00a0 \u00a0 \u00a0+36 96 282 335, +36 30 658 1443<\/strong><br \/><strong>N\u00e9methn\u00e9 Horv\u00e1th Ildik\u00f3 HVI vezet\u0151-helyettes +36 96 282 335, +36 30 658 1443<\/strong><\/p>\t\t\t\t\t\t\t\t<\/div>\n\t\t\t\t\t<\/div>\n\t\t\t\t<\/div>\n\t\t<div class=\"elementor-element elementor-element-136e033 e-flex e-con-boxed e-con e-parent\" data-id=\"136e033\" data-element_type=\"container\" data-settings=\"{&quot;_ha_eqh_enable&quot;:false}\">\n\t\t\t\t\t<div class=\"e-con-inner\">\n\t\t\t\t<div class=\"elementor-element elementor-element-a9459e0 elementor-widget elementor-widget-heading\" data-id=\"a9459e0\" data-element_type=\"widget\" data-widget_type=\"heading.default\">\n\t\t\t\t\t<h2 class=\"elementor-heading-title elementor-size-default\">Helyi V\u00e1laszt\u00e1si Bizotts\u00e1g<\/h2>\t\t\t\t<\/div>\n\t\t\t\t\t<\/div>\n\t\t\t\t<\/div>\n\t\t<div class=\"elementor-element elementor-element-284005e e-flex e-con-boxed e-con e-parent\" data-id=\"284005e\" data-element_type=\"container\" data-settings=\"{&quot;_ha_eqh_enable&quot;:false}\">\n\t\t\t\t\t<div class=\"e-con-inner\">\n\t\t\t\t<div class=\"elementor-element elementor-element-af976dc elementor-widget elementor-widget-text-editor\" data-id=\"af976dc\" data-element_type=\"widget\" data-widget_type=\"text-editor.default\">\n\t\t\t\t\t\t\t\t\t<p><strong>Eln\u00f6k:\u00a0 \u00a0 \u00a0 \u00a0 \u00a0 \u00a0 \u00a0 \u00a0 \u00a0 \u00a0 \u00a0 \u00a0 \u00a0 \u00a0 \u00a0 \u00a0 \u00a0 \u00a0 \u00a0 \u00a0 \u00a0N\u00e9meth Ferencn\u00e9<\/strong><br \/><strong>Eln\u00f6khelyettes:\u00a0 \u00a0 \u00a0 \u00a0 \u00a0 \u00a0 \u00a0 \u00a0 \u00a0 \u00a0 \u00a0 \u00a0 N\u00e9methn\u00e9 R\u00e1cz Krisztina<\/strong><br \/><strong>V\u00e1lasztott tag:\u00a0 \u00a0 \u00a0 \u00a0 \u00a0 \u00a0 \u00a0 \u00a0 \u00a0 \u00a0 \u00a0 \u00a0 \u00a0 R\u00e1cz Zolt\u00e1nn\u00e9<\/strong><br \/><strong>\u00a0 \u00a0 \u00a0 \u00a0 \u00a0 \u00a0 \u00a0 \u00a0 \u00a0 \u00a0 \u00a0 \u00a0 \u00a0 \u00a0 \u00a0 \u00a0 \u00a0 \u00a0 \u00a0 \u00a0 \u00a0 \u00a0 \u00a0 \u00a0 \u00a0 \u00a0 Szak\u00e1ly Tibor<\/strong><br \/><strong>\u00a0 \u00a0 \u00a0 \u00a0 \u00a0 \u00a0 \u00a0 \u00a0 \u00a0 \u00a0 \u00a0 \u00a0 \u00a0 \u00a0 \u00a0 \u00a0 \u00a0 \u00a0 \u00a0 \u00a0 \u00a0 \u00a0 \u00a0 \u00a0 \u00a0 \u00a0 Varga Krisztina<\/strong><br \/><strong>P\u00f3ttag:\u00a0 \u00a0 \u00a0 \u00a0 \u00a0 \u00a0 \u00a0 \u00a0 \u00a0 \u00a0 \u00a0 \u00a0 \u00a0 \u00a0 \u00a0 \u00a0 \u00a0 \u00a0 \u00a0 \u00a0Horv\u00e1th Nikoletta<\/strong><br \/><strong>\u00a0 \u00a0 \u00a0 \u00a0 \u00a0 \u00a0 \u00a0 \u00a0 \u00a0 \u00a0 \u00a0 \u00a0 \u00a0 \u00a0 \u00a0 \u00a0 \u00a0 \u00a0 \u00a0 \u00a0 \u00a0 \u00a0 \u00a0 \u00a0 \u00a0 \u00a0 Kov\u00e1cs Zolt\u00e1nn\u00e9<br \/>\u00a0 \u00a0 \u00a0 \u00a0 \u00a0 \u00a0 \u00a0 \u00a0 \u00a0 \u00a0 \u00a0 \u00a0 \u00a0 \u00a0 \u00a0 \u00a0 \u00a0 \u00a0 \u00a0 \u00a0 \u00a0 \u00a0 \u00a0 \u00a0 \u00a0 \u00a0 <\/strong><strong>Pocsai L\u00e1szl\u00f3<\/strong><\/p><p><strong>El\u00e9rhet\u0151s\u00e9gek:<\/strong><br \/><strong>9346 Magyarkereszt\u00far, Kossuth Lajos u. 42.<\/strong><br \/><strong>E-mail: jegyzo@rabatamasi.hu<\/strong><\/p>\t\t\t\t\t\t\t\t<\/div>\n\t\t\t\t\t<\/div>\n\t\t\t\t<\/div>\n\t\t\t\t<\/div>\n\t\t","protected":false},"excerpt":{"rendered":"<p>V\u00e1laszt\u00e1si szervek Helyi V\u00e1laszt\u00e1si Iroda Vezet\u0151j\u00e9nek neve:\u00a0 \u00a0 \u00a0 \u00a0 \u00a0 \u00a0 \u00a0 \u00a0 \u00a0 \u00a0dr. Szele Bal\u00e1zs jegyz\u0151C\u00edme:\u00a0 \u00a0 \u00a0 \u00a0 \u00a0 \u00a0 \u00a0 \u00a0 \u00a0 \u00a0 \u00a0 \u00a0 \u00a0 \u00a0 \u00a0 \u00a0 \u00a0 \u00a0 \u00a0 \u00a0 \u00a0 9322 R\u00e1batam\u00e1si, Szent Istv\u00e1n utca 42.E-mail:\u00a0 \u00a0 \u00a0 \u00a0 \u00a0 \u00a0 \u00a0 \u00a0 \u00a0 \u00a0 \u00a0 [&hellip;]<\/p>\n","protected":false},"author":1,"featured_media":0,"parent":0,"menu_order":0,"comment_status":"closed","ping_status":"closed","template":"","meta":{"zakra_page_container_layout":"customizer","zakra_page_sidebar_layout":"customizer","zakra_remove_content_margin":false,"zakra_sidebar":"customizer","zakra_transparent_header":"customizer","zakra_logo":0,"zakra_main_header_style":"default","zakra_menu_item_color":"","zakra_menu_item_hover_color":"","zakra_menu_item_active_color":"","zakra_menu_active_style":"","zakra_page_header":true,"footnotes":""},"class_list":["post-2292","page","type-page","status-publish","hentry"],"rttpg_featured_image_url":null,"rttpg_author":{"display_name":"mkr_admin","author_link":"https:\/\/www.magyarkeresztur.hu\/?author=1"},"rttpg_comment":0,"rttpg_category":null,"rttpg_excerpt":"V\u00e1laszt\u00e1si szervek Helyi V\u00e1laszt\u00e1si Iroda Vezet\u0151j\u00e9nek neve:\u00a0 \u00a0 \u00a0 \u00a0 \u00a0 \u00a0 \u00a0 \u00a0 \u00a0 \u00a0dr. Szele Bal\u00e1zs jegyz\u0151C\u00edme:\u00a0 \u00a0 \u00a0 \u00a0 \u00a0 \u00a0 \u00a0 \u00a0 \u00a0 \u00a0 \u00a0 \u00a0 \u00a0 \u00a0 \u00a0 \u00a0 \u00a0 \u00a0 \u00a0 \u00a0 \u00a0 9322 R\u00e1batam\u00e1si, Szent Istv\u00e1n utca 42.E-mail:\u00a0 \u00a0 \u00a0 \u00a0 \u00a0 \u00a0 \u00a0 \u00a0 \u00a0 \u00a0 \u00a0&hellip;","_links":{"self":[{"href":"https:\/\/www.magyarkeresztur.hu\/index.php?rest_route=\/wp\/v2\/pages\/2292","targetHints":{"allow":["GET"]}}],"collection":[{"href":"https:\/\/www.magyarkeresztur.hu\/index.php?rest_route=\/wp\/v2\/pages"}],"about":[{"href":"https:\/\/www.magyarkeresztur.hu\/index.php?rest_route=\/wp\/v2\/types\/page"}],"author":[{"embeddable":true,"href":"https:\/\/www.magyarkeresztur.hu\/index.php?rest_route=\/wp\/v2\/users\/1"}],"replies":[{"embeddable":true,"href":"https:\/\/www.magyarkeresztur.hu\/index.php?rest_route=%2Fwp%2Fv2%2Fcomments&post=2292"}],"version-history":[{"count":15,"href":"https:\/\/www.magyarkeresztur.hu\/index.php?rest_route=\/wp\/v2\/pages\/2292\/revisions"}],"predecessor-version":[{"id":3698,"href":"https:\/\/www.magyarkeresztur.hu\/index.php?rest_route=\/wp\/v2\/pages\/2292\/revisions\/3698"}],"wp:attachment":[{"href":"https:\/\/www.magyarkeresztur.hu\/index.php?rest_route=%2Fwp%2Fv2%2Fmedia&parent=2292"}],"curies":[{"name":"wp","href":"https:\/\/api.w.org\/{rel}","templated":true}]}}

Választási szervek

<div data-elementor-type="wp-page" data-elementor-id="2292" class="elementor elementor-2292" data-elementor-settings="{&quot;ha_cmc_init_switcher&quot;:&quot;no&quot;}">
				<div class="elementor-element elementor-element-2d72347 e-flex e-con-boxed e-con e-parent" data-id="2d72347" data-element_type="container" data-settings="{&quot;_ha_eqh_enable&quot;:false}">
					<div class="e-con-inner">
				<div class="elementor-element elementor-element-6dfcf0f elementor-widget elementor-widget-heading" data-id="6dfcf0f" data-element_type="widget" data-widget_type="heading.default">
					<h2 class="elementor-heading-title elementor-size-default">Választási szervek</h2>				</div>
					</div>
				</div>
		<div class="elementor-element elementor-element-19ba88d e-flex e-con-boxed e-con e-parent" data-id="19ba88d" data-element_type="container" data-settings="{&quot;_ha_eqh_enable&quot;:false}">
					<div class="e-con-inner">
				<div class="elementor-element elementor-element-398a3c8 elementor-widget elementor-widget-heading" data-id="398a3c8" data-element_type="widget" data-widget_type="heading.default">
					<h2 class="elementor-heading-title elementor-size-default">Helyi Választási Iroda</h2>				</div>
					</div>
				</div>
		<div class="elementor-element elementor-element-6d10428 e-flex e-con-boxed e-con e-parent" data-id="6d10428" data-element_type="container" data-settings="{&quot;_ha_eqh_enable&quot;:false}">
					<div class="e-con-inner">
				<div class="elementor-element elementor-element-1fa7473 elementor-widget elementor-widget-text-editor" data-id="1fa7473" data-element_type="widget" data-widget_type="text-editor.default">
									<p><strong>Vezetőjének neve:                   dr. Szele Balázs jegyző</strong><br /><strong>Címe:                                          9322 Rábatamási, Szent István utca 42.</strong><br /><strong>E-mail:                                        <a href="mailto:jegyzo@rabatamasi.hu">jegyzo@rabatamasi.hu</a></strong><br /><strong>Telefon:                                     +36 96 282 335; +3630 658 1443</strong></p><p><strong>Választási Információs Szolgálat:<br /><br /></strong><strong>dr. Szele Balázs HVI vezető                                     +36 96 282 335, +36 30 658 1443</strong><br /><strong>Némethné Horváth Ildikó HVI vezető-helyettes +36 96 282 335, +36 30 658 1443</strong></p>								</div>
					</div>
				</div>
		<div class="elementor-element elementor-element-136e033 e-flex e-con-boxed e-con e-parent" data-id="136e033" data-element_type="container" data-settings="{&quot;_ha_eqh_enable&quot;:false}">
					<div class="e-con-inner">
				<div class="elementor-element elementor-element-a9459e0 elementor-widget elementor-widget-heading" data-id="a9459e0" data-element_type="widget" data-widget_type="heading.default">
					<h2 class="elementor-heading-title elementor-size-default">Helyi Választási Bizottság</h2>				</div>
					</div>
				</div>
		<div class="elementor-element elementor-element-284005e e-flex e-con-boxed e-con e-parent" data-id="284005e" data-element_type="container" data-settings="{&quot;_ha_eqh_enable&quot;:false}">
					<div class="e-con-inner">
				<div class="elementor-element elementor-element-af976dc elementor-widget elementor-widget-text-editor" data-id="af976dc" data-element_type="widget" data-widget_type="text-editor.default">
									<p><strong>Elnök:                                         Németh Ferencné</strong><br /><strong>Elnökhelyettes:                        Némethné Rácz Krisztina</strong><br /><strong>Választott tag:                          Rácz Zoltánné</strong><br /><strong>                                                    Szakály Tibor</strong><br /><strong>                                                    Varga Krisztina</strong><br /><strong>Póttag:                                       Horváth Nikoletta</strong><br /><strong>                                                    Kovács Zoltánné<br />                                                    </strong><strong>Pocsai László</strong></p><p><strong>Elérhetőségek:</strong><br /><strong>9346 Magyarkeresztúr, Kossuth Lajos u. 42.</strong><br /><strong>E-mail: jegyzo@rabatamasi.hu</strong></p>								</div>
					</div>
				</div>
				</div>

<p>Választási szervek Helyi Választási Iroda Vezetőjének neve:                   dr. Szele Balázs jegyzőCíme:                                          9322 Rábatamási, Szent István utca 42.E-mail:                      [&hellip;]</p>

Választási szervek Helyi Választási Iroda Vezetőjének neve:                   dr. Szele Balázs jegyzőCíme:                                          9322 Rábatamási, Szent István utca 42.E-mail:                     &hellip;
